{"id":251,"date":"2022-11-26T00:56:46","date_gmt":"2022-11-26T00:56:46","guid":{"rendered":"https:\/\/level-laser.it\/mainsite\/?page_id=251"},"modified":"2022-11-26T20:26:59","modified_gmt":"2022-11-26T20:26:59","slug":"privacy-policy","status":"publish","type":"page","link":"https:\/\/level-laser.it\/mainsite\/privacy-policy\/","title":{"rendered":"Privacy Policy"},"content":{"rendered":"<div id=\"dslc-theme-content\"><div id=\"dslc-theme-content-inner\">\n<h2 class=\"wp-block-heading\">Chi siamo\/About us\/Lo que somos<\/h2>\n\n\n\n<p>L'indirizzo del nostro sito web \u00e8\/Our website address is\/Nuestro website es: https:\/\/level-medical.it<\/p>\n\n\n\n<h2 class=\"wp-block-heading\">Quali dati personali raccogliamo e perch\u00e9 li raccogliamo\/What personal data we collect and why we collect it\/Qu\u00e9 datos personales recopilamos y por qu\u00e9 los recopilamos<\/h2>\n\n\n\n<h3 class=\"wp-block-heading\">Commenti\/Comments\/Comentarios<\/h3>\n\n\n\n<p>Quando i visitatori lasciano commenti sul sito, raccogliamo i dati mostrati nel modulo dei commenti oltre all'indirizzo IP del visitatore e la stringa dello user agent del browser per facilitare il rilevamento dello spam.\/When visitors leave comments on the site, we collect the data shown in the comment form in addition to the visitor\u2019s IP address and the browser user agent string to facilitate spam detection.\/Cuando los visitantes dejan comentarios en el sitio, recopilamos los datos que se muestran en el formulario de comentarios, as\u00ed como la direcci\u00f3n IP del visitante y la cadena de agente de usuario del navegador para facilitar la detecci\u00f3n de spam.<\/p>\n\n\n\n<p>Una stringa anonimizzata creata a partire dal tuo indirizzo email (altrimenti detta hash) pu\u00f2 essere fornita al servizio Gravatar per vedere se lo stai usando. La privacy policy del servizio Gravatar \u00e8 disponibile qui: https:\/\/automattic.com\/privacy\/. Dopo l'approvazione del tuo commento, la tua immagine del profilo \u00e8 visibile al pubblico nel contesto del tuo commento.\/An anonymized string created from your email address (otherwise called a hash) can be provided to the Gravatar service to see if you are using it. The privacy policy of the Gravatar service is available here: https:\/\/\/automattic.com\/privacy\/. After the approval of your comment, your profile picture is visible to the public in the context of your comment.\/Una cadena an\u00f3nima creada a partir de su direcci\u00f3n de correo electr\u00f3nico (tambi\u00e9n llamada hash) se puede proporcionar al servicio Gravatar para ver si lo est\u00e1 utilizando. La pol\u00edtica de privacidad del servicio Gravatar est\u00e1 disponible aqu\u00ed: https:\/automattic.com\/privacy\/. Despu\u00e9s de la aprobaci\u00f3n de su comentario, su imagen de perfil es visible para el p\u00fablico en el contexto de su comentario.<\/p>\n\n\n\n<h3 class=\"wp-block-heading\">Media<\/h3>\n\n\n\n<p>Se carichi immagini sul sito web, dovresti evitare di caricare immagini che includono i dati di posizione incorporati (EXIF GPS). I visitatori del sito web possono scaricare ed estrarre qualsiasi dato sulla posizione dalle immagini sul sito web.\/If you upload images to the website, you should avoid uploading images that include embedded location data (EXIF GPS). Website visitors can download and extract any location data from the images on the website.\/Si carga im\u00e1genes en el sitio web, debe evitar cargar im\u00e1genes que incluyan datos de ubicaci\u00f3n incrustados (GPS EXIF). Los visitantes del sitio web pueden descargar y extraer cualquier dato de ubicaci\u00f3n de las im\u00e1genes en el sitio web.<\/p>\n\n\n\n<h3 class=\"wp-block-heading\">Modulo di contatto\/Contact form\/Modulo de contacto<\/h3>\n\n\n\n<h3 class=\"wp-block-heading\">Cookie<\/h3>\n\n\n\n<p>Se lasci un commento sul nostro sito, puoi scegliere di salvare il tuo nome, indirizzo email e sito web nei cookie. Sono usati per la tua comodit\u00e0 in modo che tu non debba inserire nuovamente i tuoi dati quando lasci un altro commento. Questi cookie dureranno per un anno.\/If you leave a comment on our site, you can choose to save your name, email address and website in cookies. They are used for your convenience so that you do not have to re-enter your data when you leave another comment. These cookies will last for a year.\/Si deja un comentario en nuestro sitio, puede elegir guardar su nombre, direcci\u00f3n de correo electr\u00f3nico y sitio web en las cookies. Se utilizan para su conveniencia, por lo que no tiene que volver a ingresar sus datos cuando deja otro comentario. Estas cookies durar\u00e1n un a\u00f1o.<\/p>\n\n\n\n<p>Se visiti la pagina di login, verr\u00e0 impostato un cookie temporaneo per determinare se il tuo browser accetta i cookie. Questo cookie non contiene dati personali e viene eliminato quando chiudi il browser.\/If you visit the login page, a temporary cookie will be set to determine whether your browser accepts cookies. This cookie does not contain personal data and is deleted when you close your browser.\/Si visita la p\u00e1gina de inicio de sesi\u00f3n, se establecer\u00e1 una cookie temporal para determinar si su navegador acepta cookies. Esta cookie no contiene datos personales y se elimina cuando cierra el navegador.<\/p>\n\n\n\n<p>Quando effettui l'accesso, verranno impostati diversi cookie per salvare le tue informazioni di accesso e le tue opzioni di visualizzazione dello schermo. I cookie di accesso durano due giorni mentre i cookie per le opzioni dello schermo durano un anno. Se selezioni \"Ricordami\", il tuo accesso persister\u00e0 per due settimane. Se esci dal tuo account, i cookie di accesso verranno rimossi.\/When you log in, different cookies will be set to save your login information and screen display options. Access cookies last two days while cookies for screen options last one year. If you select \"Remember me\", your login will persist for two weeks. If you sign out of your account, the login cookies will be removed.\/Cuando inicie sesi\u00f3n, se configurar\u00e1n varias cookies para guardar su informaci\u00f3n de inicio de sesi\u00f3n y sus opciones de visualizaci\u00f3n de pantalla. Las cookies de inicio de sesi\u00f3n duran dos d\u00edas, mientras que las cookies de opciones de pantalla duran un a\u00f1o. Si selecciona \"Recordarme\", su acceso continuar\u00e1 durante dos semanas. Si cierra sesi\u00f3n en su cuenta, se eliminar\u00e1n las cookies de inicio de sesi\u00f3n.<\/p>\n\n\n\n<p>Se modifichi o pubblichi un articolo, un cookie aggiuntivo verr\u00e0 salvato nel tuo browser. Questo cookie non include dati personali, ma indica semplicemente l'ID dell'articolo appena modificato. Scade dopo 1 giorno.\/If you edit or post an article, an additional cookie will be saved in your browser. This cookie does not include personal data, but simply indicates the ID of the newly modified item. It expires after 1 day.\/Si edita o publica un art\u00edculo, se guardar\u00e1 una cookie adicional en su navegador. Esta cookie no incluye datos personales, sino que simplemente indica el ID del art\u00edculo reci\u00e9n modificado. Caduca despu\u00e9s de 1 d\u00eda.<\/p>\n\n\n\n<h3 class=\"wp-block-heading\">Contenuto incorporato da altri siti web\/Embedded content from other websites\/Contenido incrustado de otros sitios web<\/h3>\n\n\n\n<p>Gli articoli su questo sito possono includere contenuti incorporati (ad esempio video, immagini, articoli, ecc.). I contenuti incorporati da altri siti web si comportano esattamente allo stesso modo come se il visitatore avesse visitato l'altro sito web.\/Articles on this site may include embedded content (such as videos, images, articles, etc.). Content embedded by other websites behaves in exactly the same way as if the visitor had visited the other website.\/Los art\u00edculos en este sitio pueden incluir contenido incrustado (por ejemplo, videos, im\u00e1genes, art\u00edculos, etc). El contenido incrustado de otros sitios web se comporta exactamente igual que si el visitante hubiera visitado el otro sitio web.<\/p>\n\n\n\n<p>Questi siti web possono raccogliere dati su di te, usare cookie, integrare ulteriori tracciamenti di terze parti e monitorare l'interazione con essi, incluso il tracciamento della tua interazione con il contenuto incorporato se hai un account e sei connesso a quei siti web.\/These websites may collect data about you, use cookies, integrate additional third-party tracking, and monitor your interaction with them, including tracking your interaction with embedded content if you have an account and are connected to those websites.\/Estos sitios web pueden recopilar datos sobre usted, usar cookies, integrar un seguimiento adicional de terceros y monitorear su interacci\u00f3n con ellos, incluido el seguimiento de su interacci\u00f3n con el contenido incrustado si tiene una cuenta y est\u00e1 conectado a esos sitios web.<\/p>\n\n\n\n<h3 class=\"wp-block-heading\">Analytics<\/h3>\n\n\n\n<h2 class=\"wp-block-heading\">Con chi condividiamo i tuoi dati\/With whom we share your details\/Con qui\u00e9n compartimos sus datos<\/h2>\n\n\n\n<h2 class=\"wp-block-heading\">Per quanto tempo conserviamo i tuoi dati\/How long we keep your data\/Cu\u00e1nto tiempo almacenamos sus datos<\/h2>\n\n\n\n<p>Se lasci un commento, il commento e i relativi metadati vengono conservati a tempo indeterminato. \u00c8 cos\u00ec che possiamo riconoscere e approvare automaticamente eventuali commenti successivi invece di tenerli in una coda di moderazione.\/If you leave a comment, the comment and its metadata are stored indefinitely. This is how we can automatically recognize and approve any subsequent comments instead of keeping them in a moderation queue.\/Si dejas un comentario, el comentario y sus metadatos se conservan indefinidamente. As\u00ed es como podemos reconocer y aprobar autom\u00e1ticamente los comentarios posteriores en lugar de mantenerlos en una cola de moderaci\u00f3n.<\/p>\n\n\n\n<p>Per gli utenti che si registrano sul nostro sito web (se presenti), memorizziamo anche le informazioni personali che forniscono nel loro profilo utente. Tutti gli utenti possono vedere, modificare o cancellare le loro informazioni personali in qualsiasi momento (eccetto il loro nome utente che non possono cambiare). Gli amministratori del sito web possono anche vedere e modificare queste informazioni.\/For users who register on our website (if any), we also store the personal information they provide in their user profile. All users can view, edit or delete their personal information at any time (except their username that they cannot change). Website administrators can also view and edit this information.\/Para los usuarios que se registran en nuestro sitio web (si los hay), tambi\u00e9n almacenamos la informaci\u00f3n personal que proporcionan en su perfil de usuario. Todos los usuarios pueden ver, modificar o eliminar su informaci\u00f3n personal en cualquier momento (excepto su nombre de usuario que no pueden cambiar). Los administradores del sitio web tambi\u00e9n pueden ver y editar esta informaci\u00f3n.<\/p>\n\n\n\n<h2 class=\"wp-block-heading\">Quali diritti hai sui tuoi dati\/What rights do you have over your data\/Qu\u00e9 derechos tiene sobre sus datos<\/h2>\n\n\n\n<p>Se hai un account su questo sito, o hai lasciato commenti, puoi richiedere di ricevere un file esportato dal sito con i dati personali che abbiamo su di te, compresi i dati che ci hai fornito. Puoi anche richiedere che cancelliamo tutti i dati personali che ti riguardano. Questo non include i dati che siamo obbligati a conservare per scopi amministrativi, legali o di sicurezza.\/If you have an account on this site, or have left comments, you can request to receive a file exported from the site with the personal data we have about you, including the data you have provided to us. You can also request that we delete all personal data about you. This does not include data that we are obliged to retain for administrative, legal or security purposes.\/Si tiene una cuenta en este sitio, o ha dejado comentarios, puede solicitar recibir un archivo exportado del sitio con los datos personales que tenemos sobre usted, incluidos los datos que nos ha proporcionado. Tambi\u00e9n puede solicitar que eliminemos todos sus datos personales. Esto no incluye los datos que estamos obligados a conservar con fines administrativos, legales o de seguridad.<\/p>\n\n\n\n<h2 class=\"wp-block-heading\">Dove spediamo i tuoi dati\/Where we send your data\/A d\u00f3nde enviamos sus datos<\/h2>\n\n\n\n<p>I commenti dei visitatori possono essere controllati attraverso un servizio di rilevamento automatico dello spam.\/Visitors' comments can be checked through an automatic spam detection service.\/Los comentarios de los visitantes se pueden verificar a trav\u00e9s de un servicio de detecci\u00f3n autom\u00e1tica de spam.<\/p>\n\n\n\n<h2 class=\"wp-block-heading\">Le tue informazioni di contatto\/Your contact information\/tu informaci\u00f3n de contacto<\/h2>\n\n\n\n<h2 class=\"wp-block-heading\">Informazioni aggiuntive\/additional information\/informaci\u00f3n adicional<\/h2>\n\n\n\n<h3 class=\"wp-block-heading\">Come proteggiamo i tuoi dati\/how we protect your data\/C\u00f3mo protegemos sus datos personales<\/h3>\n\n\n\n<h3 class=\"wp-block-heading\">Quali procedure abbiamo predisposto per prevenire la violazione dei dati\/What procedures we have set up to prevent data breach\/Qu\u00e9 procedimientos hemos establecido para prevenir la violaci\u00f3n de datos<\/h3>\n\n\n\n<h3 class=\"wp-block-heading\">Da quali terze parti riceviamo dati\/From which third parties we receive data\/De qu\u00e9 terceros recibimos datos<\/h3>\n\n\n\n<h3 class=\"wp-block-heading\">Quale processo decisionale automatizzato e\/o profilazione facciamo con i dati dell'utente\/What automated decision making and\/or profiling we do with your data\/Qu\u00e9 toma de decisiones automatizada y\/o elaboraci\u00f3n de perfiles hacemos con sus datos<\/h3>\n\n\n\n<h3 class=\"wp-block-heading\">Requisiti di informativa normativa del settore\/Regulatory reporting requirements of the sector\/Requisitos reglamentarios aplicables al sector<\/h3>\n\n\n<!-- wp:themify-builder\/canvas \/--><\/div><\/div>","protected":false},"excerpt":{"rendered":"<p>Chi siamo\/About us\/Lo que somos L'indirizzo del nostro sito web \u00e8\/Our website address is\/Nuestro website es: https:\/\/level-medical.it Quali dati personali raccogliamo e perch\u00e9 li raccogliamo\/What personal data we collect and why we collect it\/Qu\u00e9 datos personales recopilamos y por qu\u00e9 los recopilamos Commenti\/Comments\/Comentarios Quando i visitatori lasciano commenti sul sito, raccogliamo i dati mostrati nel [&hellip;]<\/p>\n","protected":false},"author":1,"featured_media":0,"parent":0,"menu_order":0,"comment_status":"closed","ping_status":"closed","template":"","meta":{"footnotes":""},"class_list":["post-251","page","type-page","status-publish","hentry"],"translation":{"provider":"WPGlobus","version":"3.0.2","language":"en","enabled_languages":["en","es","it"],"languages":{"en":{"title":true,"content":true,"excerpt":false},"es":{"title":true,"content":false,"excerpt":false},"it":{"title":true,"content":false,"excerpt":false}}},"builder_content":"","_links":{"self":[{"href":"https:\/\/level-laser.it\/mainsite\/wp-json\/wp\/v2\/pages\/251","targetHints":{"allow":["GET"]}}],"collection":[{"href":"https:\/\/level-laser.it\/mainsite\/wp-json\/wp\/v2\/pages"}],"about":[{"href":"https:\/\/level-laser.it\/mainsite\/wp-json\/wp\/v2\/types\/page"}],"author":[{"embeddable":true,"href":"https:\/\/level-laser.it\/mainsite\/wp-json\/wp\/v2\/users\/1"}],"replies":[{"embeddable":true,"href":"https:\/\/level-laser.it\/mainsite\/wp-json\/wp\/v2\/comments?post=251"}],"version-history":[{"count":5,"href":"https:\/\/level-laser.it\/mainsite\/wp-json\/wp\/v2\/pages\/251\/revisions"}],"predecessor-version":[{"id":256,"href":"https:\/\/level-laser.it\/mainsite\/wp-json\/wp\/v2\/pages\/251\/revisions\/256"}],"wp:attachment":[{"href":"https:\/\/level-laser.it\/mainsite\/wp-json\/wp\/v2\/media?parent=251"}],"curies":[{"name":"wp","href":"https:\/\/api.w.org\/{rel}","templated":true}]}}